 common factor of v and 6.
6
Suppose -3*f + 111 = -5*h, 3*f - 81 = 7*h - 12*h. What is the greatest common factor of 2 and f?
2
Let b = -2800 + 3624. What is the highest common factor of b and 16?
8
Let x be (1050/28)/((-2)/4). Let r = 91 + x. Calculate the greatest common factor of r and 16.
16
Let i(h) = h**2 - 8*h + 25. Let y be i(5). Let g be (6/9)/(1/36). Suppose 2*q + y = g. Calculate the highest common divisor of q and 56.
7
Let w = -813 - -846. What is the highest common divisor of 825 and w?
33
Suppose 147 - 216 = -3*o. Calculate the highest common divisor of 1 and o.
1
Let s be 1/(-2 - (-23)/11). Let q = 5671 - 5670. What is the highest common factor of q and s?
1
Let d be 15/10 + 85/10. Suppose -6*x + 5*x = -20. What is the highest common factor of d and x?
10
Let g be ((-18)/(-7))/((-17)/(-595)). Let o = g + -80. Calculate the greatest common divisor of o and 15.
5
Suppose 4*n - 1183 = -143. What is the highest common divisor of 20 and n?
20
Suppose -4*z = 5*q - 855, 4*z + 135 - 969 = 2*q. Let g be 10/4 + z/20. What is the highest common factor of 117 and g?
13
Suppose -f - f + 120 = 0. Suppose 8*l - f = 5*l. What is the greatest common factor of l and 220?
20
Suppose -5*v - 3 + 38 = 0. Suppose -i = v*i - 64. What is the greatest common factor of 32 and i?
8
Let h be (-20)/(-2)*(10 + -12). Let o = h + 22. Suppose o*g - 5*g = -18. Calculate the greatest common divisor of 6 and g.
6
Let c be (((-8)/(-3))/2)/(8/(-48)). Let h(u) = -u**2 - 9*u + 12. Let g be h(c). Let i = 178 - 78. Calculate the greatest common divisor of i and g.
20
Suppose 52 = -11*b + 13*b. Calculate the greatest common factor of 1846 and b.
26
Let i(t) = -t**3 - 7*t**2 - t - 5. Let k be i(-7). Let q be (-39)/(-15) + (-28)/(-70). What is the highest common divisor of q and k?
1
Let q be (6 + 0)*(-21)/(-14). Let p = 34 - 34. Suppose -m - 3 + 4 = p. Calculate the highest common divisor of q and m.
1
Let k(m) = -m**3 - 20*m**2 - 19*m + 35. Let f be k(-19). Calculate the highest common factor of f and 280.
35
Let a(c) = -340*c + 1. Let s be a(-1). What is the greatest common factor of s and 11?
11
Let u(y) = 2*y + 43. Let v be u(11). Let i = -20 + 72. Calculate the highest common divisor of v and i.
13
Let a be 4 - (-2 + 7 + -3). Let w be (a - 0/3)*2. Let y be 4/16*w + 5. What is the greatest common divisor of y and 36?
6
Let u = 609 - 571. Calculate the highest common factor of 19 and u.
19
Suppose -35930*a = -35945*a + 180. Suppose 110 - 326 = -4*x. Calculate the greatest common divisor of a and x.
6
Suppose a - 3*m = 193 + 62, -4*m = -12. Let d = -152 + a. Calculate the highest common divisor of 28 and d.
28
Let z(g) = -56*g - 15. Let s be z(-2). Calculate the greatest common factor of s and 1261.
97
Let y = -42 + 60. Let k be y/(-99) - 1324/(-22). What is the greatest common divisor of 20 and k?
20
Suppose 4*d - 143 = -35. Let w(c) = -102*c. Let o(h) = 103*h - 1. Let p(a) = -4*o(a) - 3*w(a). Let u be p(-2). What is the highest common divisor of d and u?
27
Let n(d) = 7 + 4*d - 33*d + 7 + 10. Let s be n(-9). Calculate the highest common divisor of 15 and s.
15
Let g(u) = -295*u + 55. Let h be g(-2). Calculate the highest common divisor of h and 15.
15
Let k be (-3)/45 + 3786/90. Calculate the highest common factor of 1050 and k.
42
Suppose 11*w = 14*w - 66. Suppose 3*h - 7*h + 596 = 5*g, -3*g - 782 = -5*h. Calculate the highest common factor of w and h.
22
Let h = 207 - 147. Suppose 3*w - 5*y + 2*y = 162, -w = 5*y - h. Calculate the greatest common factor of 11 and w.
11
Let q be (4/3)/((-2)/(-24)). Suppose -3*j + 6*j - 216 = 0. Let k = j - 48. Calculate the greatest common divisor of q and k.
8
Let p = -28 + 41. Let o = p + 1. Let q = o - 6. Calculate the greatest common factor of 2 and q.
2
Suppose 5*o - 10 = -5*c, 2*o = -0*c - 3*c + 3. Let z be (-8)/(-12) - (-19)/o. What is the highest common factor of 63 and z?
7
Let a be 3/(-6) + (-2)/(-4). Let m be (-2 - (a + -7)) + 1. What is the greatest common divisor of 18 and m?
6
Suppose 120 = 2*k - 24. What is the highest common factor of k and 96?
24
Let p be (-1)/3 + (-10)/6. Let o(f) = -3 - 30*f**3 - 2*f**2 - 34*f**3 + 61*f**3 - 4*f + 0*f**2. Let q be o(p). What is the greatest common factor of 3 and q?
3
Suppose 426 = 3*z + 2*f, -4*z + 262 = -5*f - 283. Calculate the greatest common divisor of z and 100.
20
Let s(r) = r**2 + 3*r + 8. Let b = 13 + -18. Let i be s(b). Calculate the highest common factor of i and 45.
9
Suppose 7 = -3*k + i + 87, 20 = k - 2*i. Suppose -23*c + 22*c + k = 0. Suppose -c - 36 = -2*d. What is the greatest common divisor of 8 and d?
8
Let u = 16 - 26. Let q be 12/u*1150/(-20). Let l = q - 25. Calculate the highest common factor of 4 and l.
4
Suppose 5*u - 168 = -4*i, 5*u - 183 = 8*i - 7*i. What is the highest common divisor of u and 135?
9
Suppose -2*j + 5*y - 55 = -7*j, -4*j = -4*y - 52. Calculate the greatest common factor of 252 and j.
12
Let s(b) = 8*b**3 + 8*b**2 - 4*b - 4. Let y be s(3). Calculate the highest common factor of 1224 and y.
136
Let k(x) = x**3 + x**2 - x - 4. Let q be k(3). Let w be (30 - 12) + (1 - -184). What is the greatest common divisor of q and w?
29
Suppose 40*b = 43*b - 84. Calculate the greatest common factor of b and 98.
14
Let k = 180 - 147. What is the greatest common divisor of k and 209?
11
Suppose -3*m - 8 = -74. Let t(l) = 15*l - 5. Let c be t(4). Calculate the highest common factor of c and m.
11
Let r(c) = 0*c**3 - 3*c**3 + 3*c**2 - 32 + 31 + c + 2*c**3. Let m be r(3). Calculate the greatest common divisor of m and 10.
2
Let g be (5 - -3)/(-2) - -4. Suppose -5*x - 188 = -4*u + u, -5*x + 2*u - 192 = g. Let c be x/(-16)*(-48)/(-10). What is the highest common factor of 132 and c?
12
Let b(d) = d**2 + d + 10. Let n be 6/27 + (-32)/(-18). Suppose n*t = 5*t. Let h be b(t). What is the highest common factor of h and 15?
5
Let u be 10/(-25) + (-3296)/(-40). What is the highest common factor of u and 328?
82
Let b be -12*5/(-40)*20*8. What is the greatest common divisor of 24 and b?
24
Let b(v) = -v**3 + 21*v**2 + 33*v - 154. Let g be b(22). What is the highest common divisor of g and 154?
22
Suppose -14*z = -13*z - 7. Suppose 3*v - z = -3*h + 38, 0 = -4*h. Suppose -24 = -f + a + 11, 0 = 4*a + 20. What is the highest common divisor of f and v?
15
Let u(a) = a + 14. Let q be u(0). Suppose 0 = 2*c - 0*c - 144. Let j = -2 + c. What is the greatest common factor of q and j?
14
Suppose -97*z = -100*z + 3*x + 6, 0 = -2*z + 5*x - 5. Calculate the highest common divisor of 200 and z.
5
Suppose 5*z + 104 = 644. What is the highest common divisor of 81 and z?
27
Let b(y) = -2*y**2 - 20*y. Let k be b(-9). Suppose 2*j + j = 108. Calculate the greatest common factor of k and j.
18
Suppose -6*l + 42 = 4*w - 4*l, 2*w + 4*l = 36. Suppose w*g - 11*g + 99 = 0. Calculate the highest common divisor of g and 6.
3
Suppose -5*b = 2*j + 9, -20 = -5*j - 5. Let d be 20/(-40)*b/((-6)/(-176)). Calculate the greatest common factor of 176 and d.
44
Suppose 4*t - t + r - 55 = 0, -20 = 4*r. Suppose -2*p - t = -28. Suppose -7*x = -p*x - 252. What is the highest common factor of x and 12?
12
Let c be (4 - 56/12) + (-28824)/(-36). What is the highest common factor of c and 25?
25
Let q(p) = -4*p + 19. Let g(k) = k - 1. Let t(m) = -5*g(m) - q(m). Let w be t(-10). Let z = 3 - w. What is the highest common factor of 28 and z?
7
Let n(l) = 3*l + 5. Let y be n(5). Suppose 3 = 4*r - 17. What is the greatest common factor of r and y?
5
Let s(n) = -4*n**2 - 4*n - 2. Let c be s(-2). Let t be -5*2*48/c. Suppose -19*x + 376 + 232 = 0. Calculate the highest common factor of x and t.
16
Let s = 182 - 154. What is the greatest common divisor of s and 4?
4
Let r be -3 + 57/3 + -1. Suppose -2*y - 36 = -4*s, 3*y = -2*y + 10. Calculate the greatest common divisor of r and s.
5
Let p = -28 + 52. Let d be 60/(4 - 0) + -7. What is the greatest common factor of d and p?
8
Suppose -5*j - 2*i = -0*i - 120, -120 = -5*j + i. What is the greatest common factor of 12 and j?
12
Let n(p) = p**2 - 34*p + 104. Let h be n(32). What is the greatest common divisor of 88 and h?
8
Suppose 183 = 10*o - 77. What is the highest common divisor of o and 286?
26
Let x(a) = a + 3. Let t be x(0). Suppose 2 + 6 = -2*d. Let s be 3 + d - (-1